t common factor of w and c?
9
Let i = -46 + 51. Suppose -i*j = -5*g + 5, 2*g - 7*j = -2*j - 7. What is the highest common factor of 52 and g?
4
Suppose -3*j + 176 = -2*j. Let b = -137 - -153. What is the highest common divisor of b and j?
16
Let v be (-10)/(2/1) - -7. Suppose -4*u - 4*m = -724, 52 = -3*u - v*m + 596. What is the highest common divisor of u and 26?
26
Let x(b) = -2*b**2 - 17 - 4*b + 3*b**3 - 4*b**3 + 11 - 7*b. Let m be x(-4). What is the greatest common factor of 28 and m?
14
Let o be (-2*105/6)/((-5)/10). Suppose 0*p = -3*p + 84. What is the highest common factor of o and p?
14
Suppose -6*n + n - 25 = 0, n + 401 = 3*s. What is the highest common divisor of 33 and s?
33
Suppose 2*o - 10 = -8*o. Let c be (o - (-2)/(-8)) + (-53)/(-4). Calculate the greatest common factor of 56 and c.
14
Let u = -313 + 332. Suppose 7 - 64 = -3*g. What is the greatest common factor of g and u?
19
Let q(k) = k**2 + 4*k - 5. Let v be q(-5). Suppose 2*o - 4*a + 7 - 33 = v, -3*o + 3*a = -27. What is the greatest common factor of o and 35?
5
Let w(b) = -b + 20. Let p be w(6). Let q(z) = z**3 + 10*z**2 + 7*z. Let a be q(-7). Calculate the greatest common factor of a and p.
14
Let c(u) = -u**2 + 8*u - 5. Suppose 2*g + 7 = 3*g. Let d be c(g). Suppose -4*x = -d*x - 4. What is the greatest common divisor of 8 and x?
2
Let u(w) = -2*w - 4. Let k be u(-4). Let t(x) = x**3 - x**2 + x + 1. Let p be t(2). Let y = p - -5. Calculate the highest common divisor of y and k.
4
Let f be (-3 - 2)*4/(-10). Suppose t + 0*t + f*m + 18 = 0, -4*t - 12 = -4*m. Let c be 12 + (-4 - t)*1. What is the highest common factor of 2 and c?
2
Suppose 18 = 5*f - 3*f. Let d be -6*3*(-5)/f. What is the highest common divisor of d and 60?
10
Let s = -8 - -12. Suppose s*i = 912 - 300. What is the highest common factor of 17 and i?
17
Suppose 2*k - 39 = 35. Suppose k + 95 = 6*o. What is the highest common factor of 33 and o?
11
Suppose 3*q = -0 + 6. Suppose -q*h - h + 24 = 0. Suppose 5*j - 3*y - h - 20 = 0, 5*j = -4*y + 21. Calculate the highest common divisor of j and 1.
1
Let h be 7/(((-1)/5)/(24/(-40))). What is the highest common factor of 84 and h?
21
Let q(z) be the third derivative of 19*z**4/24 - 2*z**3 - 4*z**2. Let v be q(8). Suppose -100 = -4*k + v. What is the greatest common factor of k and 24?
12
Let m be -1*(-3 - -17)*-8. Let s(v) = 14*v**2 + v - 1. Let p be s(1). Calculate the highest common factor of p and m.
14
Let z(p) = -4*p**3 + 2*p**2 + p - 2. Let f be z(-2). Let o = -6 - -10. Suppose r - o*r = -27. What is the highest common divisor of f and r?
9
Let v(z) = 72*z - 20. Let a be v(1). Let p be (-1)/2*(-28 + 2). Calculate the greatest common factor of p and a.
13
Let a = 23 - -47. Suppose -a = -76*i + 71*i. Let q be (-3)/15 + 1262/10. What is the greatest common divisor of q and i?
14
Suppose 36 = 3*o - 2*w, -3*o + 55 = o - 5*w. Calculate the greatest common factor of o and 20.
10
Suppose 838 = 3*w + 2*h, -125*h + 120*h - 584 = -2*w. What is the highest common factor of 30 and w?
6
Let s be 8 + (2 - -1 - 4/(-1)). Let d(u) = 7*u**2 - 5*u + 3. Let x be d(-4). What is the greatest common divisor of x and s?
15
Suppose -4*b = -3*o + 46, -8*b = 4*o - 7*b - 36. Let g be (o/15)/((-2)/(-3)). Calculate the greatest common factor of g and 5.
1
Let s be 2/(0 - 6/12). Let r(z) be the first derivative of -z**2 - 2*z - 2. Let x be r(s). Calculate the highest common divisor of 30 and x.
6
Let q = -4 - -12. Suppose -3*d = -q*d + 280. Let g be (-1)/(12/14 - 1). Calculate the greatest common factor of d and g.
7
Let m(g) = 2*g**2 + 3*g + 73. Let i be m(-7). Calculate the greatest common divisor of 800 and i.
50
Suppose -2*u = 3*u - 3*x - 241, -84 = -2*u - 5*x. Suppose 13*s = 8*s + 110. Let o = u - s. Calculate the greatest common divisor of o and 5.
5
Let w(x) = -2*x + 21. Let j be w(12). Let z be (-1 - 1)/(-3*(-2)/j). Calculate the greatest common divisor of 7 and z.
1
Let d be (1/(-2))/((-4)/792). Suppose -3 = x, 4*g = -2*x + 6*x + 12. Let u = g + 11. Calculate the highest common divisor of u and d.
11
Suppose -7*j + 6*j + 24 = 0. Calculate the highest common divisor of j and 8.
8
Suppose 2*x - 54 = -3*b - x, b = 3*x + 6. What is the highest common factor of 55 and b?
5
Suppose -5*y + g + 2279 = 0, -2*y = -g - 435 - 476. Suppose -y = -4*u + u - b, -4*b = 0. What is the highest common divisor of 19 and u?
19
Let i be 17/(-3 + 35/10). Suppose -2*j + 66 = -i. Let c be 142/7 - (-4)/(-14). Calculate the greatest common divisor of c and j.
10
Let x be ((-4)/(-6))/(3/18). Suppose 167 = 3*o + i + i, -3*i - 41 = -o. Let j = o + -37. Calculate the highest common factor of j and x.
4
Let h = 4 - 0. Suppose -11 = -3*m + h*m. Let p = 27 + m. What is the highest common factor of p and 96?
16
Let w(s) = -s**2 + 9*s. Suppose 7*q = 8*q - 8. Let d be w(q). Let x(h) = -h**3 - 6*h**2 - 2*h. Let l be x(-6). Calculate the greatest common factor of l and d.
4
Suppose 0 = 2*r + 4*z - 98, 0*r + r - 2*z = 69. Suppose -5*f - 4 + r = 0. What is the greatest common factor of f and 77?
11
Let p(f) be the third derivative of f**4/2 - 8*f**3/3 + 20*f**2. Let c be p(5). Calculate the highest common divisor of 11 and c.
11
Suppose 21*a = 17*a + 164. Let l = a - 17. Calculate the highest common divisor of l and 36.
12
Suppose 4*w - 8*w - 3*p + 24 = 0, 2*p = -4*w + 24. Suppose 11 = w*h - 7. Calculate the greatest common divisor of h and 33.
3
Suppose 6*r = 10*r - 288. Suppose -3*s + 0*s = -4*a - 108, 0 = -2*s + a + r. What is the greatest common divisor of 24 and s?
12
Suppose 2*m = -5*l, 2*l = 7*m - 3*m + 24. Suppose 20 - l = 2*i. What is the greatest common factor of 9 and i?
9
Let x(i) = i**3 + 10*i**2 - 6*i + 4. Let f be x(-8). Let r(j) = -6*j - 10. Let m be r(-5). Calculate the greatest common factor of f and m.
20
Let s be 77/22*-3*2. Let b = 96 - s. What is the highest common divisor of b and 13?
13
Suppose -2*x + 60 = 13*g - 17*g, -3*x - 2*g + 50 = 0. What is the highest common factor of 60 and x?
20
Suppose 0 = -8*d + 45 + 59. Suppose 0 = 2*w - w - d. Calculate the greatest common divisor of w and 65.
13
Let i be (2/3)/(2/9). Let x = 43 + -37. Suppose 3*c = 2*h - 32, i*h - x*h + 4*c = -48. Calculate the highest common factor of 40 and h.
8
Suppose -2*b = b - 15. Let v = -1 + b. What is the highest common factor of v and 1?
1
Let r be 41 - 5 - ((-4)/2 - -2). What is the greatest common factor of r and 4?
4
Let c = -1451 + 1023. Let k = c + 771. Calculate the greatest common factor of k and 49.
49
Suppose 5*v - 540 = -15*v. Suppose -3*g = 2*z - g - 388, -z - 3*g = -204. What is the greatest common factor of v and z?
27
Suppose 0 = 4*o + 2*z + 529 - 2019, 4*o - 1460 = 4*z. What is the greatest common factor of o and 148?
74
Let j(i) = i**2 + 16*i + 42. Let z be j(-12). Let y = z - -162. What is the greatest common divisor of 39 and y?
39
Let l = -19 - -47. Suppose 0 = -4*r - l - 12. Let z be (-3)/r*-4*-30. What is the greatest common factor of 9 and z?
9
Suppose -5*h = 0, -h + 247 = 5*d - 143. Suppose 24*r - 23*r = 0. Suppose a - 22 = -l - 3*l, r = -5*a + l + 131. Calculate the highest common divisor of a and d.
26
Suppose -5*j = 2*c - 4 + 30, -4*c + 2 = j. Let o(k) = -6 - 1153*k + 4 + 1159*k + 3*k**2. Let i be o(j). Calculate the highest common factor of i and 28.
14
Suppose -5*o + 628 = -m, 35*m - 32*m - 258 = -2*o. What is the highest common factor of 18 and o?
18
Let l(b) = -2*b**3 - 5*b - 5. Suppose -6 = 4*s - s. Let x be l(s). Calculate the highest common divisor of x and 21.
21
Let a(f) = -f**3 - 2*f**2 + 6*f + 9. Let k be a(-5). Calculate the highest common divisor of 189 and k.
27
Let j(s) = s**2 - s - 11. Suppose 2*k - 6 = -0, 9 = -4*r - 5*k. Let b = 14 + r. Let u be j(b). What is the highest common divisor of u and 15?
15
Suppose -i + 3*h + 84 = 0, i - 49 - 35 = 5*h. What is the highest common divisor of 24 and i?
12
Suppose -23*x + 178 = -1110. What is the highest common factor of 136 and x?
8
Let j(l) = -l + 13. Let m be j(11). Suppose m*f = -15 + 23. Suppose -28 = -2*y + 3*s, -4*y = y - f*s - 84. Calculate the greatest common divisor of 10 and y.
10
Let c(m) = 2*m**2 + 30*m + 126. Let g be c(-9). What is the greatest common factor of 153 and g?
9
Let h = -12 + 40. Suppose 2*u - u = 4. What is the hi